Is 735851 a prime number?
False
Is 223094533 prime?
False
Is 59984935 composite?
True
Is 9067361 composite?
False
Is 45720347 composite?
False
Is 48229447 prime?
False
Is 13562833 a prime number?
False
Is 52111763 prime?
False
Is 3167057 prime?
False
Is 19442179 a prime number?
True
Is 35481091 a prime number?
False
Is 23246569 a prime number?
False
Is 376465207 prime?
True
Is 220122793 a composite number?
True
Is 10237681 a composite number?
True
Is 4989029 prime?
True
Is 879247397 a composite number?
True
Is 12296891 a composite number?
False
Is 22881349 a prime number?
False
Is 2869487 a composite number?
True
Is 1311697 a composite number?
True
Is 1018331 a prime number?
False
Is 1491839 prime?
True
Is 98607 prime?
False
Is 15687973 composite?
True
Is 847853 composite?
False
Is 181468633 a prime number?
True
Is 127476067 composite?
True
Is 645557711 prime?
False
Is 2280067 composite?
True
Is 1907611 a prime number?
True
Is 59208307 prime?
False
Is 75072239 a composite number?
True
Is 2538411 prime?
False
Is 24102263 a prime number?
False
Is 11495411 a composite number?
False
Is 15839497 a composite number?
True
Is 5544821 prime?
True
Is 6240463 prime?
True
Is 10462733 a prime number?
False
Is 26656593 composite?
True
Is 337368169 composite?
True
Is 648276731 prime?
True
Is 8602633 prime?
False
Is 102846013 composite?
False
Is 3220777 a prime number?
False
Is 102859 a prime number?
True
Is 30073909 prime?
False
Is 3322583 prime?
False
Is 3366179 composite?
False
Is 25461353 composite?
True
Is 33739547 a prime number?
True
Is 315179 a composite number?
False
Is 3125147 a prime number?
True
Is 195866431 composite?
False
Is 52697405 composite?
True
Is 6633749 a composite number?
False
Is 62849873 a composite number?
True
Is 2733589 a prime number?
True
Is 28801889 prime?
True
Is 746983 a prime number?
False
Is 85267319 prime?
False
Is 40413283 prime?
True
Is 87013709 a prime number?
True
Is 442125722 a composite number?
True
Is 27058279 a prime number?
True
Is 1808687 composite?
False
Is 4374443 a composite number?
True
Is 170376797 a composite number?
True
Is 102877943 composite?
True
Is 4972843 a composite number?
False
Is 3345757 composite?
False
Is 1116035 a composite number?
True
Is 1193327 composite?
True
Is 1483271 a prime number?
False
Is 32251283 composite?
True
Is 287653 a composite number?
True
Is 221332521 prime?
False
Is 6485923 a prime number?
True
Is 3951907 prime?
True
Is 51452201 a composite number?
False
Is 8862323 composite?
False
Is 70635386 a prime number?
False
Is 745063255 a prime number?
False
Is 40141106 a composite number?
True
Is 113976734 a composite number?
True
Is 1408105 composite?
True
Is 68819917 prime?
False
Is 31463071 prime?
False
Is 12817307 composite?
False
Is 28163309 a prime number?
True
Is 478039109 composite?
False
Is 16596299 a composite number?
True
Is 451852589 a prime number?
True
Is 800155 a prime number?
False
Is 2546981 a composite number?
True
Is 35296061 a composite number?
False
Is 11294363 prime?
False
Is 114854309 prime?
True
Is 1913683 a composite number?
False
Is 85099345 prime?
False
Is 126527 composite?
True
Is 11510819 prime?
False
Is 16499361 prime?
False
Is 1984027 prime?
False
Is 27249017 prime?
True
Is 2520929 a prime number?
True
Is 655062587 a composite number?
False
Is 235615729 composite?
True
Is 286849 a composite number?
True
Is 4398731 composite?
False
Is 13414837 a composite number?
False
Is 781723 composite?
True
Is 1066217 a prime number?
True
Is 28007563 prime?
True
Is 115305797 a prime number?
True
Is 302109053 prime?
True
Is 8416799 a composite number?
False
Is 2963 a composite number?
False
Is 2019973 a prime number?
True
Is 89500799 composite?
False
Is 7931917 a prime number?
False
Is 81847277 a composite number?
False
Is 1478531 a composite number?
True
Is 342863 prime?
True
Is 6779519 composite?
False
Is 6324593 prime?
False
Is 2227121 composite?
True
Is 2879027 a composite number?
False
Is 270819919 a composite number?
False
Is 1730031 a composite number?
True
Is 18519481 prime?
False
Is 60357331 composite?
False
Is 1089053 prime?
False
Is 409799153 a composite number?
False
Is 13427241 composite?
True
Is 249590113 a prime number?
True
Is 615375743 a composite number?
True
Is 56871589 a prime number?
True
Is 964643 prime?
False
Is 3053873 a prime number?
True
Is 821166851 a composite number?
False
Is 674505253 prime?
False
Is 1560407 a prime number?
True
Is 6073762 a prime number?
False
Is 665391 a composite number?
True
Is 30881887 composite?
False
Is 445882013 prime?
True
Is 159258089 prime?
True
Is 3227129 a composite number?
False
Is 28571278 prime?
False
Is 17854099 a prime number?
True
Is 1857091 prime?
True
Is 30632705 a prime number?
False
Is 9318289 a composite number?
True
Is 8723293 composite?
True
Is 6350411 a composite number?
False
Is 968593 a prime number?
True
Is 227810201 a composite number?
False
Is 5080111 prime?
False
Is 554311 composite?
True
Is 340838957 a prime number?
True
Is 1241133 a prime number?
False
Is 1489841 a prime number?
True
Is 9210119 composite?
False
Is 71718581 a prime number?
False
Is 2224318 prime?
False
Is 314897111 a prime number?
True
Is 1521221 prime?
False
Is 1019237 a composite number?
False
Is 192999373 composite?
True
Is 953171 composite?
False
Is 2485537 composite?
False
Is 1762393 prime?
False
Is 2338351 prime?
True
Is 821891 prime?
False
Is 23218103 composite?
True
Is 25761233 prime?
False
Is 53746009 a composite number?
True
Is 6476707 a prime number?
False
Is 10687319 a prime number?
False
Is 3230531 prime?
True
Is 10958111 composite?
True
Is 125705471 a composite number?
False
Is 1642939 composite?
False
Is 253800737 a prime number?
False
Is 530017 prime?
True
Is 106620109 a composite number?
False
Is 718321 a composite number?
False
Is 2988761 a prime number?
True
Is 19285217 prime?
False
Is 119283719 composite?
True
Is 4369783 a prime number?
False
Is 409226417 prime?
True
Is 3397469 a prime number?
True
Is 43701069 prime?
False
Is 36824581 composite?
True
Is 2535353 a composite number?
False
Is 69365783 a prime number?
True
Is 368833 a prime number?
True
Is 31491887 composite?
True
Is 3725009 composite?
True
Is 3925729 prime?
True
Is 95253727 prime?
True
Is 1005559 composite?
True
Is 100464167 a prime number?
True
Is 43868033 composite?
True
Is 82932593 a composite number?
False
Is 637739 a prime number?
False
Is 27629039 a composite number?
True
Is 627799 a prime number?
True
Is 9170071 prime?
True
Is 125612257 a composite number?
False
Is 25618637 a prime number?
False
Is 5126999 prime?
False
Is 250343 a prime number?
True
Is 36149527 a prime number?
False
Is 426199 a prime number?
False
Is 19587637 prime?
False
Is 391661 prime?
True
Is 28629217 prime?
True
Is 3355753 composite?
True
Is 2025623 a prime number?
True
Is 72045383 a prime number?
False
Is 8942203 a prime number?
False
Is 8957831 a composite number?
True
Is 3190519 prime?
True
Is 12182813 a prime number?
False
Is 45876581 composite?
True
Is 324359927 prime?
True
Is 83514257 a composite number?
False
Is 124829431 prime?
False
Is 26313913 a composite number?
False
Is 18077419 composite?
False
Is 2153363 a composite number?
True
Is 52082311 a prime number?
True
Is 59305867 composite?
False
Is 27108589 prime?
True
Is 5489305 prime?
False
Is 68178179 prime?
True
Is 38313463 a prime number?
False
Is 15144509 composite?
True
Is 118256269 prime?
False
Is 21116099 prime?
True
Is 2204117 composite?
False
Is 5469934 prime?
False
Is 8488277 prime?
False
Is 333601433 a prime number?
False
Is 60454153 a composite number?
False
Is 43797629 prime?
True
Is 21024833 a prime number?
True
Is 2882461 a prime number?
True
Is 15455429 prime?
False
Is 1343759 prime?
True
Is 23880809 composite?
False
Is 16931323 composite?
False
Is 12594565 a composite number?
True
Is 152469853 a prime number?
True
Is 10225885 composite?
True
Is 254916859 a prime number?
False
Is 4193633 prime?
True
Is 12921397 a composite number?
False
Is 140093531 a prime number?
False
Is 126239 a composite number?
True
Is 4121951 prime?
False
Is 3360337 a prime number?
True
Is 42628983 a composite number?
True
Is 183074341 a composite number?
False
Is 31740469 a prime number?
False
Is 7631477 